. What is the highest common factor of r and 14?
14
Let h be ((-16)/20)/(1/(-10)). What is the highest common divisor of 56 and h?
8
Suppose 4*a - 597 = -2*z - 151, -3*a = -z - 327. Let g = 29 + 2. Suppose -q + g = -13. What is the highest common divisor of q and a?
22
Let w = 162 + -69. What is the highest common factor of w and 62?
31
Let s(g) = -g**2 + 7. Let l be s(0). Suppose 3*o - o = 10. Let z(a) = 6*a + 5. Let n be z(o). Calculate the greatest common factor of l and n.
7
Let z be (-3 + 2)/(1/(-26)). Let u(w) = -w**2 + 18*w + 7. Let q be u(16). Calculate the highest common divisor of z and q.
13
Let q(d) = -2*d - 24. Let f(j) = j**2 + 9*j - 2. Let u be f(-7). Let v be q(u). Calculate the highest common divisor of v and 72.
8
Let s(j) = -j**3 + 6*j**2 + 3*j - 8. Let o be s(4). What is the highest common divisor of 9 and o?
9
Suppose 0 = h + h - 2. Let d(u) = -u - 4. Suppose 12 = -0*v - 2*v. Let s be d(v). What is the greatest common divisor of h and s?
1
Suppose 0 = -3*o + 2*r + 8, 0 = 2*o + 5*r - 1 + 2. Let a(q) = o*q + 6*q + 0*q + 2*q**2. Let p be a(-9). What is the greatest common divisor of 36 and p?
18
Suppose 0*a + 2*a = 10. Suppose a*n - 338 = -2*u, n = 4*n - 2*u - 206. What is the highest common divisor of 17 and n?
17
Let f = 7 + -5. Suppose 3*u = -f*d - 7, 5*u + 17 = -3*d + 6. Let t be (4/6)/(u/(-3)). Calculate the greatest common divisor of t and 2.
2
Suppose -103 + 515 = 4*x. Let s = x + 16. Calculate the greatest common factor of 17 and s.
17
Let n(b) = b**2 + 2*b + 6. Let c be n(-6). Let f be 6 + (0 - (1 - 2)). Let d = 13 - f. What is the greatest common divisor of d and c?
6
Suppose -4*l = -r - 3*l - 21, 3*r + 62 = 4*l. Let u(v) = -v**2 - 2*v + 8. Let t be u(-6). Let b = t - r. What is the greatest common divisor of 6 and b?
6
Let h(t) = -1 - 5*t + 2*t - 4 - 4. Let d be h(-7). Calculate the greatest common factor of 3 and d.
3
Let v be 42/(-56) + 118/8. Calculate the highest common factor of v and 126.
14
Let z be 18 + (-2)/(0 + 2). Let f be 26/8 - (-1)/(-4). Suppose 0 = t + 4*x - 133, -t = f*x - 1 - 137. What is the greatest common divisor of z and t?
17
Suppose -k = -4*z + 8, 4*k - 3*k = 3*z - 3. Let n be (4/6)/(2/k). What is the greatest common factor of n and 8?
4
Suppose 2*h - 40 = -2*h. Suppose 59 + 41 = 2*m. What is the highest common factor of m and h?
10
Suppose 0 = 3*x - 6, 2*d = -0*d - 5*x + 106. What is the greatest common divisor of 36 and d?
12
Let s(q) = q + 2. Let v be s(8). What is the highest common factor of 40 and v?
10
Let t(y) = -y + 11. Let b be t(7). Suppose -b*k - 16 = -2*o, -2*o + 5*o = -4*k + 64. Calculate the highest common divisor of 8 and o.
8
Suppose -2 = -2*g + g. Suppose 3*w = -g*i - 42, i = w - 6*w - 35. Let k be (-22)/(-5) + 6/i. Calculate the greatest common divisor of k and 8.
4
Let b be 15/(7 + -4) - -39. What is the highest common divisor of 4 and b?
4
Let p be (-28)/(-10) - (-6)/30. Calculate the highest common divisor of 33 and p.
3
Suppose 3*c = -3*a + 245 - 14, 308 = 4*c - 4*a. Calculate the greatest common factor of c and 7.
7
Let z = -14 - -116. Calculate the highest common divisor of 34 and z.
34
Let s = 297 - 195. Calculate the highest common factor of 51 and s.
51
Let a(w) = w - 4. Let q be a(4). Let c(m) = -m**2 + 6*m**2 + 21 + m - 6*m**2. Let p be c(q). What is the highest common divisor of 3 and p?
3
Suppose 3*f = -0*f. Suppose 5*v - 100 - 70 = f. Calculate the greatest common factor of 51 and v.
17
Let u be 1/(((-3)/42)/(2/(-7))). Calculate the highest common factor of 28 and u.
4
Let n(t) = -16*t**3 + t. Let m be n(-1). Let r = -14 - -22. Suppose 3*i - o - 1 - 15 = 0, -4*o + r = 0. What is the greatest common factor of i and m?
3
Let f be 49/(-14)*(-4)/2. Let h = f + -6. What is the highest common divisor of 1 and h?
1
Let a(i) = -i + 16. Let p be a(7). Let g be 2/2*4 + -2. Suppose -n = -11 + g. Calculate the highest common divisor of n and p.
9
Let i be (-3130)/(-65) + 2/(-13). What is the greatest common divisor of i and 12?
12
Let a(u) = -u**2 - 11*u - 11. Let b be a(-7). What is the highest common divisor of b and 85?
17
Let a = 36 - 18. Let w(k) = k**3 - 5*k**2 + 4*k + 2. Let u be w(4). Let s be (-124)/(-7) + u/7. What is the greatest common divisor of s and a?
18
Suppose -2*r + 31 = 2*x - 11, -5*x = -4*r - 78. Suppose -42*o + 47*o = 990. What is the highest common divisor of x and o?
18
Let v(m) = 4*m + 39. Let c be v(13). What is the greatest common divisor of c and 13?
13
Let s = 26 + -14. Let f(b) = 4*b**3 + 3*b + 3. Let n be f(3). Calculate the greatest common factor of s and n.
12
Suppose 5*j = 5*a + 10, 3*a - 6 = -j - 4. Suppose 6*h = j*h + 60. What is the greatest common factor of h and 120?
15
Suppose 0 = 5*d - 3*f - 150, -3*d + 2*d + 8 = -5*f. Calculate the highest common divisor of d and 11.
11
Let d be ((-28)/(-12))/((-1)/(-9)). What is the highest common factor of 105 and d?
21
Let h be (366/(-10))/((-6)/30). Suppose -3*i + d + h = -4*d, 0 = d + 3. Let f = 9 + -1. Calculate the highest common divisor of i and f.
8
Suppose 0 = -6*n + 5*n + 24. Let t be (n/(-20))/((-6)/20). What is the greatest common factor of 8 and t?
4
Suppose -51 = -4*a - r, -2*a + 2 = r - 21. Calculate the greatest common factor of 2 and a.
2
Suppose 0 = 3*n - 55 - 17. Suppose 4*q - n = -2*v, -4*q + 2 = -2*v + 18. What is the greatest common factor of 50 and v?
10
Suppose 3*d + 39 = 108. Calculate the highest common divisor of d and 92.
23
Suppose 0*f + 3 = f. Let a be (11/3)/(1/f). Let g = a - 8. What is the highest common divisor of 1 and g?
1
Suppose -3*m = -2*m - 11. Let j(u) = 5*u**2 + 2*u + 6. Let w be j(-5). What is the greatest common divisor of m and w?
11
Suppose 13*r - 466 = 184. What is the greatest common factor of 20 and r?
10
Suppose -4*c = -33 + 5. Calculate the greatest common factor of 56 and c.
7
Let v = -191 - -267. Calculate the highest common factor of 4 and v.
4
Suppose 99 = -5*p + 8*p. Suppose 2*y - 4*j - 24 = -2*y, 3*y = 4*j + 13. What is the greatest common divisor of y and p?
11
Suppose -3*n - 3*w = -18 - 63, 0 = -n - 4*w + 36. Calculate the highest common factor of n and 12.
12
Let y be 40 + 4/2 + -6. Let o(m) = m**3 - 5*m**2 + 5*m - 7. Let t be o(5). What is the greatest common factor of t and y?
18
Suppose 4*c = -0*c - 88. Let a be c*(1 - 3) - 2. What is the highest common divisor of 14 and a?
14
Let w(g) = g**3 - 8*g**2 + 2*g + 2. Let a be w(8). Calculate the greatest common divisor of a and 27.
9
Let w be 14/2 - (-2 - 0). Let v(q) = q**2 + 7*q - 12. Let k be v(-10). What is the highest common divisor of w and k?
9
Suppose -x = -15 - 59. What is the greatest common factor of 185 and x?
37
Suppose -r - 229 + 243 = 0. Calculate the greatest common factor of 14 and r.
14
Let c(y) = 9*y + 1. Let v = 5 - 2. Let z be c(v). Let p = 16 - 2. What is the highest common factor of z and p?
14
Let i = -10 + 70. What is the highest common factor of i and 12?
12
Let d be (-28)/7 - 1*2. Let t be d/(-4)*(-8)/(-6). Let i be 2/(-4)*2*-16. Calculate the highest common factor of t and i.
2
Suppose 0*o = -4*o + 224. Suppose 32 = 4*j + 3*c, -c + 8 + 6 = 2*j. Let s be j*(19/5 + -1). Calculate the greatest common factor of o and s.
14
Let c(o) = 15*o**2 + 5. Let i be c(2). Calculate the greatest common divisor of 39 and i.
13
Let u = -2 - -2. Let z(i) = i**2 + i + 104. Let s be z(u). Let j be 2/(-1)*(-26)/4. What is the highest common divisor of s and j?
13
Let m be (1 - 4)*(0 + -1). Suppose -m*t = 2*t - 240. Suppose 3*v = 4*v - 12. What is the greatest common factor of v and t?
12
Let d(x) = x**2 - 5*x + 6. Let j be d(6). Let t = 11 - 7. Calculate the greatest common factor of j and t.
4
Suppose 170 = 3*m - 2*p, 147 = 5*m - p - 134. Let o = 27 - 19. What is the greatest common divisor of m and o?
8
Let h(a) = -a + 1. Let j be h(-11). Suppose -2*c + 24 = -0*c. What is the greatest common factor of j and c?
12
Suppose -5*p + 176 = -264. Calculate the highest common factor of 8 and p.
8
Let x(r) = r**3 + 10*r**2 + 2. Let q be x(-10). Let w be -2*3/(4 + 2). Let f be (w - (-1 - q)) + 218. What is the greatest common divisor of 20 and f?
20
Let w(p) = -2*p + 11. Let f be w(0). Calculate the greatest common divisor of f and 22.
11
Suppose 4*d = -3*u + 477, -2*d = 2*u - 5*d - 301